a prime number?
False
Is 641141 a composite number?
True
Is 4837411 prime?
True
Is 10958971 prime?
False
Is 945863407 a prime number?
True
Is 5737469 composite?
False
Is 1964719 composite?
False
Is 890921 prime?
False
Is 300277 a composite number?
False
Is 44987039 prime?
True
Is 34435915 composite?
True
Is 2047681 a prime number?
False
Is 25253821 a prime number?
True
Is 381002269 a prime number?
False
Is 32946071 a composite number?
True
Is 97035271 prime?
True
Is 485389 prime?
True
Is 334172881 composite?
True
Is 136033343 a prime number?
True
Is 17893691 a composite number?
True
Is 34591079 a composite number?
False
Is 94319 a prime number?
False
Is 11033159 composite?
False
Is 67573687 composite?
False
Is 1684843 composite?
False
Is 5305537 prime?
True
Is 122032189 a prime number?
False
Is 1484573 composite?
False
Is 1084317607 composite?
False
Is 183187 a composite number?
True
Is 314859221 a prime number?
True
Is 21407011 a prime number?
True
Is 6396133 a composite number?
False
Is 820037 composite?
False
Is 22210997 prime?
True
Is 6963961 a prime number?
True
Is 457203457 a composite number?
True
Is 12772393 composite?
False
Is 366901558 a prime number?
False
Is 4348759 composite?
False
Is 11951117 a prime number?
True
Is 26805059 a composite number?
False
Is 263448893 a composite number?
False
Is 2383049 composite?
False
Is 1277621 prime?
True
Is 13356871 prime?
False
Is 5988251 a prime number?
True
Is 2943859 prime?
True
Is 21770873 a prime number?
True
Is 830549 a composite number?
False
Is 24107521 a composite number?
True
Is 760461641 a prime number?
True
Is 168897619 prime?
False
Is 3600827 prime?
False
Is 1495029421 a prime number?
False
Is 79360289 a prime number?
True
Is 54891241 a prime number?
True
Is 5372723 a prime number?
True
Is 196012253 a composite number?
False
Is 83298713 prime?
True
Is 226003741 a composite number?
False
Is 25287287 composite?
False
Is 824339 a prime number?
True
Is 12429653 composite?
False
Is 34909 a prime number?
False
Is 10103162 composite?
True
Is 2138131 prime?
False
Is 351811 composite?
False
Is 510501071 a composite number?
False
Is 4159843 a prime number?
True
Is 61007173 prime?
False
Is 5797579 composite?
False
Is 1495679 composite?
True
Is 22799213 prime?
True
Is 235702409 prime?
True
Is 470059946 composite?
True
Is 4593907 prime?
True
Is 168359 composite?
True
Is 818023 composite?
True
Is 429761945 composite?
True
Is 9974633 composite?
True
Is 42928693 prime?
True
Is 158536537 prime?
False
Is 180743 a prime number?
False
Is 41953091 prime?
True
Is 76593893 a composite number?
False
Is 65594677 composite?
True
Is 284704337 a prime number?
True
Is 751411 composite?
False
Is 3853973 a composite number?
True
Is 511961161 prime?
True
Is 401475839 a prime number?
True
Is 45582419 a prime number?
True
Is 4423619 composite?
False
Is 1419094 a prime number?
False
Is 2557318 composite?
True
Is 9808985 a composite number?
True
Is 990825827 a composite number?
True
Is 335164871 a prime number?
False
Is 843553 a composite number?
False
Is 464671481 prime?
False
Is 2866109 a composite number?
False
Is 657769 a composite number?
True
Is 48477701 composite?
False
Is 67759483 composite?
True
Is 4595961 a prime number?
False
Is 62870371 composite?
False
Is 9339829 a prime number?
False
Is 6516719 composite?
True
Is 17457026 a composite number?
True
Is 1715059 a composite number?
False
Is 846995 a prime number?
False
Is 49289633 a prime number?
False
Is 230656763 a prime number?
True
Is 657289 a prime number?
True
Is 55477741 a composite number?
True
Is 13713241 prime?
False
Is 278258429 prime?
True
Is 1850777 prime?
False
Is 64715081 a prime number?
False
Is 429411 prime?
False
Is 8413091 composite?
True
Is 8639617 a prime number?
False
Is 103551443 a prime number?
True
Is 2269129 prime?
True
Is 140281051 prime?
True
Is 1228823 composite?
True
Is 42841247 composite?
False
Is 3106003 composite?
False
Is 7883017 prime?
False
Is 11255 a prime number?
False
Is 5746157 a composite number?
False
Is 350657 a composite number?
False
Is 58741223 a composite number?
False
Is 45381617 composite?
True
Is 2454843 a composite number?
True
Is 18315251 a composite number?
False
Is 8230361 composite?
True
Is 29208937 a composite number?
False
Is 102537697 composite?
False
Is 342074437 composite?
True
Is 89564429 a composite number?
False
Is 775865533 composite?
True
Is 20713217 a composite number?
True
Is 15418409 prime?
True
Is 9991543 a composite number?
False
Is 918473 prime?
False
Is 104789 composite?
False
Is 2349829 a prime number?
True
Is 8548753 composite?
True
Is 5312539 composite?
True
Is 41039 prime?
True
Is 268331 a composite number?
True
Is 2550934 a prime number?
False
Is 20589523 composite?
False
Is 8760071 a composite number?
False
Is 7025563 a composite number?
False
Is 1282187 a prime number?
True
Is 53490383 a composite number?
False
Is 209979717 a composite number?
True
Is 10163819 a composite number?
True
Is 11440889 a prime number?
True
Is 1317597 composite?
True
Is 41807 prime?
False
Is 7127513 prime?
True
Is 14981597 composite?
False
Is 9269993 a composite number?
True
Is 831307465 a prime number?
False
Is 543721 composite?
True
Is 1013659 a prime number?
False
Is 1912579 a prime number?
False
Is 31256329 a composite number?
True
Is 294521 prime?
False
Is 2771813 composite?
True
Is 359387 composite?
True
Is 11630051 prime?
True
Is 4967647 composite?
False
Is 15735551 a prime number?
False
Is 178681 prime?
True
Is 396465731 a prime number?
True
Is 17886991 a prime number?
True
Is 392532617 composite?
True
Is 3640697 a prime number?
True
Is 25849959 composite?
True
Is 54858629 a prime number?
False
Is 50934841 prime?
True
Is 286681223 prime?
False
Is 6149543 composite?
False
Is 28230263 prime?
False
Is 15040985 a composite number?
True
Is 3420457 a prime number?
True
Is 50478199 composite?
True
Is 612217 a prime number?
True
Is 5925551 composite?
False
Is 104422723 composite?
False
Is 3322831 a prime number?
True
Is 94679327 a prime number?
True
Is 13465537 prime?
False
Is 701341 composite?
False
Is 1623827 a prime number?
True
Is 1812851 a prime number?
True
Is 12110221 a composite number?
False
Is 51653711 a prime number?
True
Is 3752439 a composite number?
True
Is 25104935 prime?
False
Is 8346883 prime?
True
Is 666167 a composite number?
False
Is 105088979 a composite number?
False
Is 3741017 a composite number?
True
Is 136701737 a prime number?
False
Is 63313001 composite?
False
Is 315497411 prime?
True
Is 62077139 a composite number?
True
Is 275157169 prime?
False
Is 103964867 a prime number?
False
Is 3614815 a composite number?
True
Is 36704489 composite?
False
Is 20992843 a prime number?
True
Is 47774491 a prime number?
False
Is 945338 a prime number?
False
Is 6150973 a prime number?
False
Is 5847799 a prime number?
False
Is 73409449 a composite number?
False
Is 4354171 composite?
False
Is 531782789 prime?
True
Is 133572241 a prime number?
False
Is 2733383 composite?
True
Is 4689661 a prime number?
True
Is 200274803 composite?
False
Is 12742087 composite?
True
Is 1358779 a prime number?
True
Is 105599807 a prime number?
True
Is 3986897 a prime number?
True
Is 74412397 composite?
False
Is 25497191 a prime number?
True
Is 20695949 prime?
True
Is 5975773 prime?
True
Is 40470019 a composite number?
True
Is 842011 a composite number?
True
Is 19223693 prime?
True
Is 43818253 a prime number?
True
Is 15776533 prime?
True
Is 24270685 composite?
True
Is 521953 prime?
False
Is 2529397 a composite number?
True
Is 16738207 a prime number?
True
Is 2361761 prime?
False
Is 112711787 a composite number?
False
Is 47598583 a composite number?
False
Is 47941549 a prime number?
True
Is 3695071 a prime number?
True
Is 547957 composite?
False
Is 2408389 composite?
False
Is 15831355 prime?
False
Is 3724085 composite?
True
Is 12287269 prime?
True
Is 49973723 a prime number?
True
Is 639726214 prime?
False
Is 5558521 composite?
True
Is 641547793 prime?
True
Is 7580119 composite?
False
Is 9870491 a composite number?
True
Is 442071839 composite?
True
Is 140952661 a prime number?
False
Is 14310247 composite?
True
Is 5652289 prime?
True
Is 802519 a prime number?
False
Is 92338789 prime?
False
Is 1279351 a prime number?